{"id":1508,"date":"2021-01-09T11:03:18","date_gmt":"2021-01-09T10:03:18","guid":{"rendered":"http:\/\/topsupportdakwerken.nl\/index.php\/?page_id=1508"},"modified":"2022-10-29T14:40:50","modified_gmt":"2022-10-29T13:40:50","slug":"te-koop","status":"publish","type":"page","link":"https:\/\/topsupportdakwerken.nl\/index.php\/te-koop\/","title":{"rendered":"Te koop"},"content":{"rendered":"<p>[vc_row][vc_column][vc_empty_space][\/vc_column][\/vc_row][vc_row][vc_column width=&#8221;1\/3&#8243; el_class=&#8221;container&#8221;][vc_single_image img_size=&#8221;370&#215;370&#8243; alignment=&#8221;center&#8221; onclick=&#8221;custom_link&#8221; css=&#8221;.vc_custom_1663855978127{margin-top: 22px !important;}&#8221; link=&#8221;https:\/\/www.topsupportdakwerken.nl\/artikelen\/Topsupportdakwerken-3-wielige-wagen.pdf&#8221;][vc_column_text]<\/p>\n<p style=\"text-align: center;\"><strong>Titel:\u00a0<\/strong><br \/>\n<strong>Omschrijving:\u00a0<\/strong><br \/>\n<strong>Afmetingen:\u00a0<\/strong><br \/>\n<strong>Conditie:\u00a0<\/strong><br \/>\n<strong>Prijs:\u00a0<\/strong><br \/>\nKlik op de foto voor meer<br \/>\nBezoek Marktplaats<\/p>\n<p>[\/vc_column_text][\/vc_column][vc_column width=&#8221;1\/3&#8243;][vc_single_image img_size=&#8221;370&#215;370&#8243; alignment=&#8221;center&#8221; onclick=&#8221;custom_link&#8221; css=&#8221;.vc_custom_1663856038257{margin-top: 22px !important;}&#8221; link=&#8221;https:\/\/www.topsupportdakwerken.nl\/artikelen\/Topsupportdakwerken-ballon-vorstpannen.pdf&#8221;][vc_column_text]<\/p>\n<p style=\"text-align: center;\"><strong>Titel:\u00a0<\/strong><br \/>\n<strong>Omschrijving:\u00a0<\/strong><br \/>\n<strong>Afmetingen:\u00a0<\/strong><br \/>\n<strong>Conditie:\u00a0<\/strong><br \/>\n<strong>Prijs:\u00a0<\/strong><br \/>\nKlik op de foto voor meer<\/p>\n<p>[\/vc_column_text][\/vc_column][vc_column width=&#8221;1\/3&#8243;][vc_single_image img_size=&#8221;370&#215;370&#8243; alignment=&#8221;center&#8221; onclick=&#8221;custom_link&#8221; css=&#8221;.vc_custom_1667050807073{margin-top: 22px !important;padding-right: 0px !important;padding-left: 0px !important;}&#8221; link=&#8221;https:\/\/www.topsupportdakwerken.nl\/artikelen\/Topsupportdakwerken-bitumen-ketel.pdf&#8221;][vc_column_text]<\/p>\n<p style=\"text-align: center;\"><strong>Titel:\u00a0<\/strong><br \/>\n<strong>Omschrijving:<\/strong><br \/>\n<strong>Inhoud:\u00a0<\/strong><br \/>\n<strong>Conditie:\u00a0<\/strong><br \/>\n<strong>Prijs:\u00a0<\/strong><br \/>\nKlik op de foto voor meer<\/p>\n<p>[\/vc_column_text][\/vc_column][\/vc_row][vc_row][vc_column][vc_empty_space][\/vc_column][\/vc_row][vc_row][vc_column width=&#8221;1\/3&#8243; el_class=&#8221;container&#8221;][vc_single_image image=&#8221;1541&#8243; img_size=&#8221;370&#215;370&#8243; alignment=&#8221;center&#8221; onclick=&#8221;custom_link&#8221; css=&#8221;.vc_custom_1613762937965{margin-top: 22px !important;}&#8221; link=&#8221;https:\/\/www.topsupportdakwerken.nl\/artikelen\/Topsupportdakwerken-dakpannen.pdf&#8221;][vc_column_text]<\/p>\n<p style=\"text-align: center;\"><strong>Titel: <\/strong>Gevelpannen<br \/>\n<strong>Omschrijving: <\/strong>Natuurrode gevelpannen, vorstpannen incl halve pannen. Stonewold,<br \/>\n<strong>Afmetingen:\u00a0 <\/strong>30 x 41 cm<br \/>\n<strong>Conditie: <\/strong>Zo goed als nieuw<br \/>\n<strong>Prijs: <\/strong>bieden<br \/>\nKlik op de foto voor meer<\/p>\n<p>[\/vc_column_text][\/vc_column][vc_column width=&#8221;1\/3&#8243;][vc_single_image image=&#8221;1543&#8243; img_size=&#8221;370&#215;370&#8243; alignment=&#8221;center&#8221; onclick=&#8221;custom_link&#8221; css=&#8221;.vc_custom_1611759127671{margin-top: 22px !important;}&#8221; link=&#8221;https:\/\/www.topsupportdakwerken.nl\/artikelen\/Topsupportdakwerken-dakpannen-2.pdf&#8221;][vc_column_text]<\/p>\n<p style=\"text-align: center;\"><strong>Titel: <\/strong>Dakpannen<br \/>\n<strong>Omschrijving:\u00a0<\/strong>5KDN, OVH 206. Roestkleur glazuur. 46m2<br \/>\n<strong>Conditie: <\/strong>Zo goed als nieuw<br \/>\n<strong>Prijs: <\/strong>Bieden<br \/>\nKlik op de foto voor meer<\/p>\n<p>[\/vc_column_text][\/vc_column][vc_column width=&#8221;1\/3&#8243;][vc_single_image image=&#8221;1544&#8243; img_size=&#8221;370&#215;370&#8243; alignment=&#8221;center&#8221; onclick=&#8221;custom_link&#8221; css=&#8221;.vc_custom_1613762992114{margin-top: 22px !important;padding-right: 0px !important;padding-left: 0px !important;}&#8221; link=&#8221;https:\/\/www.topsupportdakwerken.nl\/artikelen\/Topsupportdakwerken-dakraam-ubbink.pdf&#8221;][vc_column_text]<\/p>\n<p style=\"text-align: center;\"><strong>Titel:&nbsp;<\/strong>Dakraam Ubbink<br \/>\n<strong>Omschrijving:&nbsp;<\/strong>Ubbink 31 Neroma<br \/>\n<strong>Afmetingen:&nbsp;<\/strong>Hoogte 58,8cm&nbsp; Breedte 49cm<br \/>\n<strong>Conditie: <\/strong>Gebruikt<br \/>\n<strong>Prijs: <\/strong>NOTK<br \/>\nKlik op de foto voor meer<\/p>\n<p>[\/vc_column_text][\/vc_column][\/vc_row][vc_row][vc_column][vc_empty_space][\/vc_column][\/vc_row][vc_row][vc_column width=&#8221;1\/3&#8243; el_class=&#8221;container&#8221;][vc_single_image img_size=&#8221;&#8221; alignment=&#8221;center&#8221; onclick=&#8221;custom_link&#8221; css=&#8221;.vc_custom_1663855662541{margin-top: 22px !important;}&#8221; link=&#8221;https:\/\/www.topsupportdakwerken.nl\/artikelen\/Topsupportdakwerken-daksnijmachine.pdf&#8221;][vc_column_text]<\/p>\n<p style=\"text-align: center;\"><strong>Titel:\u00a0<\/strong><br \/>\n<strong>Omschrijving:\u00a0<\/strong><br \/>\n<strong>Afmetingen:<\/strong><br \/>\n<strong>Conditie:\u00a0<\/strong><br \/>\n<strong>Prijs:\u00a0<\/strong><br \/>\nKlik op de foto voor meer<br \/>\n<a href=\"https:\/\/www.marktplaats.nl\/a\/doe-het-zelf-en-verbouw\/ventilatie-en-afzuiging\/m1649577908-zinken-afdekkap.html?previousPage=lr\" target=\"_blank\" rel=\"noopener\">Bezoek Marktplaats<\/a><\/p>\n<p>[\/vc_column_text][\/vc_column][vc_column width=&#8221;1\/3&#8243;][vc_single_image image=&#8221;1547&#8243; img_size=&#8221;370&#215;370&#8243; alignment=&#8221;center&#8221; onclick=&#8221;custom_link&#8221; css=&#8221;.vc_custom_1613748876081{margin-top: 22px !important;}&#8221; link=&#8221;https:\/\/www.topsupportdakwerken.nl\/artikelen\/Topsupportdakwerken-flexibele-ladder.pdf&#8221;][vc_column_text]<\/p>\n<p style=\"text-align: center;\"><strong>Titel: <\/strong>Flexibele ladder<br \/>\n<strong>Omschrijving: <\/strong>Oprolbare ladder<br \/>\n<strong>Afmetingen: <\/strong>160x40cm<br \/>\n<strong>Conditie: <\/strong>Gebruikt<br \/>\n<strong>Prijs: <\/strong>TEAB<br \/>\nKlik op de foto voor meer<\/p>\n<p>[\/vc_column_text][\/vc_column][vc_column width=&#8221;1\/3&#8243;][vc_single_image image=&#8221;1548&#8243; img_size=&#8221;370&#215;370&#8243; alignment=&#8221;center&#8221; css=&#8221;.vc_custom_1611755104092{margin-top: 22px !important;padding-right: 0px !important;padding-left: 0px !important;}&#8221;][vc_column_text]<\/p>\n<p style=\"text-align: center;\"><strong>Titel: <\/strong>Flexibele slang<br \/>\n<strong>Omschrijving: <\/strong>RVS buizen, Pahflex<br \/>\n<strong>Afmetingen: <\/strong>\u00d8100-2m, \u00d8120-3.5m, \u00d8130-4.5m<br \/>\n<strong>Conditie: <\/strong>Nieuw<br \/>\n<strong>Prijs: <\/strong>NOTK<\/p>\n<p>[\/vc_column_text][\/vc_column][\/vc_row][vc_row][vc_column][vc_empty_space][\/vc_column][\/vc_row][vc_row][vc_column width=&#8221;1\/3&#8243; el_class=&#8221;container&#8221;][vc_single_image img_size=&#8221;370&#215;370&#8243; alignment=&#8221;center&#8221; onclick=&#8221;custom_link&#8221; css=&#8221;.vc_custom_1663856124074{margin-top: 22px !important;}&#8221; link=&#8221;https:\/\/www.topsupportdakwerken.nl\/artikelen\/Topsupportdakwerken-houten-kar.pdf&#8221;][vc_column_text]<\/p>\n<p style=\"text-align: center;\"><strong>Titel:<\/strong><br \/>\n<strong>Afmetingen:\u00a0<\/strong><br \/>\n<strong>Conditie:\u00a0<\/strong><br \/>\n<strong>Prijs: <\/strong>\u20ac<br \/>\nKlik op de foto voor meer<br \/>\n<a href=\"https:\/\/www.marktplaats.nl\/a\/doe-het-zelf-en-verbouw\/ventilatie-en-afzuiging\/m1649577908-zinken-afdekkap.html?previousPage=lr\" target=\"_blank\" rel=\"noopener\">Bezoek Marktplaats<\/a><\/p>\n<p>[\/vc_column_text][\/vc_column][vc_column width=&#8221;1\/3&#8243;][vc_single_image img_size=&#8221;370&#215;370&#8243; alignment=&#8221;center&#8221; onclick=&#8221;custom_link&#8221; css=&#8221;.vc_custom_1663856193355{margin-top: 22px !important;}&#8221; link=&#8221;https:\/\/www.topsupportdakwerken.nl\/artikelen\/Topsupportdakwerken-houten-ladder.pdf&#8221;][vc_column_text]<\/p>\n<p style=\"text-align: center;\"><strong>Titel:\u00a0<\/strong><br \/>\n<strong>Omschrijving:\u00a0\u00a0<\/strong><br \/>\n<strong>Afmetingen:\u00a0<\/strong><br \/>\n<strong>Conditie:\u00a0<\/strong><br \/>\n<strong>Prijs:\u00a0<\/strong><br \/>\nKlik op de foto voor meer<\/p>\n<p style=\"text-align: center;\">Bezoek Marktplaats<\/p>\n<p>[\/vc_column_text][\/vc_column][vc_column width=&#8221;1\/3&#8243;][vc_single_image image=&#8221;1559&#8243; img_size=&#8221;370&#215;370&#8243; alignment=&#8221;center&#8221; onclick=&#8221;custom_link&#8221; css=&#8221;.vc_custom_1613763121968{margin-top: 22px !important;padding-right: 0px !important;padding-left: 0px !important;}&#8221; link=&#8221;https:\/\/www.topsupportdakwerken.nl\/artikelen\/Topsupportdakwerken-jaffa-weegschaal.pdf&#8221;][vc_column_text]<\/p>\n<p style=\"text-align: center;\"><strong>Titel: <\/strong>Jaffa weegschaal<br \/>\n<strong>Omschrijving: <\/strong>tot 50 kilo<br \/>\n<strong>Afmetingen:<\/strong> 70x65x180cm<br \/>\n<strong>Conditie: <\/strong>Gebruikt<br \/>\n<strong>Prijs: <\/strong>bieden<br \/>\nKlik op de foto voor meer<\/p>\n<p>[\/vc_column_text][\/vc_column][\/vc_row][vc_row][vc_column][vc_empty_space height=&#8221;40px&#8221;][\/vc_column][\/vc_row][vc_row][vc_column width=&#8221;1\/3&#8243; el_class=&#8221;container&#8221;][vc_single_image image=&#8221;1613&#8243; img_size=&#8221;370&#215;370&#8243; alignment=&#8221;center&#8221; onclick=&#8221;custom_link&#8221; css=&#8221;.vc_custom_1614945066158{margin-top: 22px !important;}&#8221; link=&#8221;https:\/\/www.topsupportdakwerken.nl\/artikelen\/Topsupportdakwerken-torenkruis.pdf&#8221;][vc_column_text]<\/p>\n<p style=\"text-align: center;\"><strong>Titel: <\/strong>Torenkruis<br \/>\n<strong>Materiaal: <\/strong>Staal<\/p>\n<p style=\"text-align: center;\"><strong>Afmeting:<\/strong> 240x135cm<\/p>\n<p style=\"text-align: center;\"><strong>Conditie: <\/strong>Gebruikt<br \/>\n<strong>Prijs: <\/strong>\u20ac 275,-<br \/>\nKlik op de foto voor meer<\/p>\n<p>[\/vc_column_text][\/vc_column][vc_column width=&#8221;1\/3&#8243;][vc_single_image image=&#8221;1562&#8243; img_size=&#8221;370&#215;370&#8243; alignment=&#8221;center&#8221; onclick=&#8221;custom_link&#8221; css=&#8221;.vc_custom_1613156364200{margin-top: 22px !important;}&#8221; link=&#8221;https:\/\/www.topsupportdakwerken.nl\/artikelen\/Topsupportdakwerken-leien.pdf&#8221;][vc_column_text]<\/p>\n<p style=\"text-align: center;\"><strong>Titel: <\/strong>Leien<br \/>\n<strong>Omschrijving:&nbsp;<\/strong>rood-paarse (1700st) en blauw-paarse (300st) leien. Fumay<\/p>\n<p style=\"text-align: center;\"><strong>Afmetingen:&nbsp;<\/strong>270x160mm<br \/>\n<strong>Conditie: <\/strong>Gebruikt<br \/>\n<strong>Prijs: <\/strong>\u20ac 0,30 per stuk<br \/>\nKlik op de foto voor meer<\/p>\n<p>[\/vc_column_text][\/vc_column][vc_column width=&#8221;1\/3&#8243;][vc_single_image image=&#8221;1563&#8243; img_size=&#8221;370&#215;370&#8243; alignment=&#8221;center&#8221; onclick=&#8221;custom_link&#8221; css=&#8221;.vc_custom_1614019539816{margin-top: 22px !important;padding-right: 0px !important;padding-left: 0px !important;}&#8221; link=&#8221;https:\/\/www.topsupportdakwerken.nl\/artikelen\/Topsupportdakwerken-leien-p.pdf&#8221;][vc_column_text]<\/p>\n<p style=\"text-align: center;\"><strong>Titel: <\/strong>Leien<br \/>\n<strong>Omschrijving: <\/strong>Rood paars, ca. 3400 stuks. Fumay<br \/>\n<strong>Conditie: <\/strong>gebruikt<br \/>\n<strong>Prijs: <\/strong>NOTK<br \/>\nKlik op de foto voor meer<\/p>\n<p>[\/vc_column_text][\/vc_column][\/vc_row][vc_row][vc_column][vc_empty_space height=&#8221;40px&#8221;][\/vc_column][\/vc_row][vc_row][vc_column width=&#8221;1\/3&#8243; el_class=&#8221;container&#8221;][vc_single_image image=&#8221;1565&#8243; img_size=&#8221;370&#215;370&#8243; alignment=&#8221;center&#8221; onclick=&#8221;custom_link&#8221; css=&#8221;.vc_custom_1613763917507{margin-top: 22px !important;}&#8221; link=&#8221;https:\/\/www.topsupportdakwerken.nl\/artikelen\/Topsupportdakwerken-lichtkoepel.pdf&#8221;][vc_column_text]<\/p>\n<p style=\"text-align: center;\"><strong>Titel: <\/strong>Lichtkoepel<br \/>\n<strong>Omschrijving:&nbsp;<\/strong>Dubbelwandige lichtkoepel aangeboden, Inclusief opstand, Opaal<br \/>\n<strong>Afmetingen:&nbsp;<\/strong>100x100cm<\/p>\n<p style=\"text-align: center;\"><strong>Conditie: <\/strong>gebruikt<br \/>\n<strong>Prijs: <\/strong>\u20ac 170,-<br \/>\nKlik op de foto voor meer<\/p>\n<p style=\"text-align: center;\"><a href=\"https:\/\/link.marktplaats.nl\/m1649560901\" target=\"_blank\" rel=\"noopener\">Bezoek Marktplaats<\/a><\/p>\n<p>[\/vc_column_text][\/vc_column][vc_column width=&#8221;1\/3&#8243;][vc_single_image image=&#8221;1571&#8243; img_size=&#8221;370&#215;370&#8243; alignment=&#8221;center&#8221; onclick=&#8221;custom_link&#8221; css=&#8221;.vc_custom_1613744894370{margin-top: 22px !important;}&#8221; link=&#8221;https:\/\/www.topsupportdakwerken.nl\/artikelen\/Topsupportdakwerken-ronde-lichtkoepels.pdf&#8221;][vc_column_text]<\/p>\n<p style=\"text-align: center;\"><strong>Titel: <\/strong>Ronde lichtkoepels<br \/>\n<strong>Omschrijving:&nbsp;<\/strong>Dubbelwandige ronde lichtkoepels, 4 stuks, zonder opstand<\/p>\n<p style=\"text-align: center;\"><strong>Afmetingen:<\/strong>500mm rond<br \/>\n<strong>Conditie: <\/strong>nieuw<br \/>\n<strong>Prijs: <\/strong>\u20ac 70,00 per stuk<br \/>\nKlik op de foto voor meer<\/p>\n<p style=\"text-align: center;\"><a href=\"https:\/\/link.marktplaats.nl\/m1649803216\">Bezoek Marktplaats<\/a><\/p>\n<p>[\/vc_column_text][\/vc_column][vc_column width=&#8221;1\/3&#8243;][vc_single_image img_size=&#8221;370&#215;370&#8243; alignment=&#8221;center&#8221; onclick=&#8221;custom_link&#8221; css=&#8221;.vc_custom_1663856264575{margin-top: 22px !important;padding-right: 0px !important;padding-left: 0px !important;}&#8221; link=&#8221;https:\/\/www.topsupportdakwerken.nl\/artikelen\/Topsupportdakwerken-senco-spijkermachine.pdf&#8221;][vc_column_text]<\/p>\n<p style=\"text-align: center;\"><strong>Titel:\u00a0<\/strong><br \/>\n<strong>Omschrijving:\u00a0<\/strong><br \/>\n<strong>Afmetingen:\u00a0<\/strong><br \/>\n<strong>Prijs:\u00a0<\/strong><br \/>\nKlik op de foto voor meer<\/p>\n<p>[\/vc_column_text][\/vc_column][\/vc_row][vc_row][vc_column][vc_empty_space height=&#8221;40px&#8221;][\/vc_column][\/vc_row][vc_row][vc_column width=&#8221;1\/3&#8243; el_class=&#8221;container&#8221;][vc_single_image image=&#8221;1573&#8243; img_size=&#8221;370&#215;370&#8243; alignment=&#8221;center&#8221; onclick=&#8221;custom_link&#8221; css=&#8221;.vc_custom_1613764013108{margin-top: 22px !important;}&#8221; link=&#8221;https:\/\/www.topsupportdakwerken.nl\/artikelen\/Topsupportdakwerken-stortkokers.pdf&#8221;][vc_column_text]<\/p>\n<p style=\"text-align: center;\"><strong>Titel: <\/strong>Stortkokers<br \/>\n<strong>Afmetingen:&nbsp;<\/strong>2 stuks van 1.5m*\u00d860cm&nbsp; 1 stuk van 1.1m*\u00d850cm<br \/>\n<strong>Conditie: <\/strong>Gebruikt<br \/>\n<strong>Prijs:<\/strong>grote \u20ac 50,- p\/s, kleine \u20ac 40,- p\/s<br \/>\nKlik op de foto voor meer<\/p>\n<p>[\/vc_column_text][\/vc_column][vc_column width=&#8221;1\/3&#8243;][vc_single_image image=&#8221;1574&#8243; img_size=&#8221;370&#215;370&#8243; alignment=&#8221;center&#8221; onclick=&#8221;custom_link&#8221; css=&#8221;.vc_custom_1613745859758{margin-top: 22px !important;}&#8221; link=&#8221;https:\/\/www.topsupportdakwerken.nl\/artikelen\/Topsupportdakwerken-tdn-dakpannen.pdf&#8221;][vc_column_text]<\/p>\n<p style=\"text-align: center;\"><strong>Titel:&nbsp;<\/strong>Tuile du nord dakpannen<br \/>\n<strong>Omschrijving:&nbsp;<\/strong>blauw gesmoord, 130 stuks<\/p>\n<p style=\"text-align: center;\"><strong>Conditie: <\/strong>Z.G.A.N.<br \/>\n<strong>Prijs: <\/strong>N.O.T.K.<br \/>\nKlik op de foto voor meer<\/p>\n<p>[\/vc_column_text][\/vc_column][vc_column width=&#8221;1\/3&#8243;][vc_single_image image=&#8221;1575&#8243; img_size=&#8221;370&#215;370&#8243; alignment=&#8221;center&#8221; onclick=&#8221;custom_link&#8221; css=&#8221;.vc_custom_1613764060380{margin-top: 22px !important;padding-right: 0px !important;padding-left: 0px !important;}&#8221; link=&#8221;https:\/\/www.topsupportdakwerken.nl\/artikelen\/Topsupportdakwerken-Zinken-Afdekkap.pdf&#8221;][vc_column_text]<\/p>\n<p style=\"text-align: center;\"><strong>Titel: <\/strong>Zinken afdekkap<br \/>\n<strong>Omschrijving: <\/strong>Zinken afdekkap<br \/>\n<strong>Afmetingen: <\/strong>75&#215;75<\/p>\n<p style=\"text-align: center;\"><strong>Conditie:<\/strong> Gebruikt<br \/>\n<strong>Prijs: <\/strong>NOTK<br \/>\nKlik op de foto voor meer<\/p>\n<blockquote>\n<p style=\"text-align: center;\"><a href=\"https:\/\/link.marktplaats.nl\/m1649577908\" target=\"_blank\" rel=\"noopener\">Bezoek Marktplaats<\/a><\/p>\n<\/blockquote>\n<p>[\/vc_column_text][\/vc_column][\/vc_row][vc_row][vc_column][vc_empty_space height=&#8221;40px&#8221;][\/vc_column][\/vc_row][vc_row][vc_column width=&#8221;1\/3&#8243; el_class=&#8221;container&#8221;][vc_single_image image=&#8221;1567&#8243; img_size=&#8221;370&#215;370&#8243; alignment=&#8221;center&#8221; onclick=&#8221;custom_link&#8221; css=&#8221;.vc_custom_1613764131322{margin-top: 22px !important;}&#8221; link=&#8221;https:\/\/www.topsupportdakwerken.nl\/artikelen\/Topsupportdakwerken-onderpannen.pdf&#8221;][vc_column_text]<\/p>\n<p style=\"text-align: center;\"><strong>Titel: <\/strong>Onderpannen<br \/>\n<strong>Omschrijving:&nbsp;<\/strong>KDN VH, 45 stuks<br \/>\n<strong>Conditie: <\/strong>Zo goed als nieuw<br \/>\n<strong>Prijs: <\/strong>t.e.a.b.<br \/>\nKlik op de foto voor meer<\/p>\n<p>[\/vc_column_text][\/vc_column][vc_column width=&#8221;1\/3&#8243;][vc_single_image image=&#8221;1568&#8243; img_size=&#8221;370&#215;370&#8243; alignment=&#8221;center&#8221; onclick=&#8221;custom_link&#8221; css=&#8221;.vc_custom_1613747473421{margin-top: 22px !important;}&#8221; link=&#8221;https:\/\/www.topsupportdakwerken.nl\/artikelen\/Topsupportdakwerken-ontluchting.pdf&#8221;][vc_column_text]<\/p>\n<p style=\"text-align: center;\"><strong>Titel: <\/strong>Ontluchting plakplaat<br \/>\n<strong>Omschrijving:&nbsp;<\/strong>ventilatie voor platte daken. 30 stuks<\/p>\n<p style=\"text-align: center;\"><strong>Afmetingen:&nbsp;<\/strong>160mm rond, 300mm hoog<br \/>\n<strong>Conditie: <\/strong>Nieuw<br \/>\n<strong>Prijs: <\/strong>\u20ac 12,50 per stuk<br \/>\nKlik op de foto voor meer<\/p>\n<p>[\/vc_column_text][\/vc_column][vc_column width=&#8221;1\/3&#8243;][vc_single_image image=&#8221;1570&#8243; img_size=&#8221;370&#215;370&#8243; alignment=&#8221;center&#8221; onclick=&#8221;custom_link&#8221; css=&#8221;.vc_custom_1613764253978{margin-top: 22px !important;padding-right: 0px !important;padding-left: 0px !important;}&#8221; link=&#8221;https:\/\/www.topsupportdakwerken.nl\/artikelen\/Topsupportdakwerken-ovh-dakpannen.pdf&#8221;][vc_column_text]<\/p>\n<p style=\"text-align: center;\"><strong>Titel: <\/strong>OVH dakpannen<br \/>\n<strong>Omschrijving: <\/strong>russel tiglia, ca 300stuks, gem\u00ealeerd<br \/>\n<b>Conditie: <\/b>Zo goed als nieuw<br \/>\n<strong>Prijs: <\/strong>NOTK<br \/>\nKlik op de foto voor meer<\/p>\n<p>[\/vc_column_text][\/vc_column][\/vc_row][vc_row][vc_column width=&#8221;1\/3&#8243; el_class=&#8221;container&#8221;][vc_single_image image=&#8221;1625&#8243; img_size=&#8221;370&#215;370&#8243; alignment=&#8221;center&#8221; onclick=&#8221;custom_link&#8221; css=&#8221;.vc_custom_1617112738482{margin-top: 22px !important;}&#8221; link=&#8221;https:\/\/www.topsupportdakwerken.nl\/artikelen\/Topsupportdakwerken-AD-Tekentafel.pdf&#8221;][vc_column_text]<\/p>\n<p style=\"text-align: center;\"><strong>Titel: <\/strong>Professionele Tekentafel<br \/>\n<strong>Omschrijving: <\/strong>Technische tekenhandel Antoon de Jong Jr. Tilburg<br \/>\n<strong>Conditie: <\/strong>Gebruikt, \u00e9\u00e9n stukje liniaal eraf.<br \/>\n<strong>Prijs: <\/strong>\u20ac 90,-<br \/>\nKlik op de foto voor meer<\/p>\n<p style=\"text-align: center;\"><a href=\"https:\/\/link.marktplaats.nl\/m1686370181\">Bezoek marktplaats<\/a><\/p>\n<p>[\/vc_column_text][\/vc_column][vc_column width=&#8221;1\/3&#8243;][\/vc_column][vc_column width=&#8221;1\/3&#8243;][vc_single_image image=&#8221;1626&#8243; img_size=&#8221;370&#215;370&#8243; alignment=&#8221;center&#8221; onclick=&#8221;custom_link&#8221; css=&#8221;.vc_custom_1617112906963{margin-top: 22px !important;padding-right: 0px !important;padding-left: 0px !important;}&#8221; link=&#8221;https:\/\/www.topsupportdakwerken.nl\/artikelen\/Topsupportdakwerken-AB-Bascule.pdf&#8221;][vc_column_text]<\/p>\n<p style=\"text-align: center;\"><strong>Titel: <\/strong>Bascule<br \/>\n<strong>Omschrijving: <\/strong>Oude bascule met gewichten<br \/>\n<b>Conditie:<\/b> Gebruikt<br \/>\n<strong>Prijs: <\/strong>\u20ac 75,-<br \/>\nKlik op de foto voor meer<\/p>\n<p style=\"text-align: center;\"><a href=\"https:\/\/link.marktplaats.nl\/m1686363810\">Bezoek marktplaats<\/a><\/p>\n<p>[\/vc_column_text][\/vc_column][\/vc_row][vc_row][vc_column][vc_raw_html css=&#8221;.vc_custom_1481798202138{margin-bottom: 40px !important;margin-left: 30px !important;}&#8221;]JTNDc2NyaXB0JTNFZnVuY3Rpb24lMjBnb0JhY2slMjglMjklMjAlN0IlMjB3aW5kb3cuaGlzdG9yeS5iYWNrJTI4JTI5JTNCJTIwJTdEJTNDJTJGc2NyaXB0JTNFJTBBJTNDYnV0dG9uJTIwY2xhc3MlM0QlMjJidG4lMjBidG4tcHJpbWFyeSUyMGludmVydGVkJTIyJTIwb25jbGljayUzRCUyMmdvQmFjayUyOCUyOSUzQiUyMiUzRVRlcnVnJTNDJTJGYnV0dG9uJTNF[\/vc_raw_html][\/vc_column][\/vc_row]<\/p>\n","protected":false},"excerpt":{"rendered":"<p>[vc_row][vc_column][vc_empty_space][\/vc_column][\/vc_row][vc_row][vc_column width=&#8221;1\/3&#8243; el_class=&#8221;container&#8221;][vc_single_image img_size=&#8221;370&#215;370&#8243; alignment=&#8221;center&#8221; onclick=&#8221;custom_link&#8221; css=&#8221;.vc_custom_1663855978127{margin-top: 22px !important;}&#8221; link=&#8221;https:\/\/www.topsupportdakwerken.nl\/artikelen\/Topsupportdakwerken-3-wielige-wagen.pdf&#8221;][vc_column_text] Titel:\u00a0 Omschrijving:\u00a0 Afmetingen:\u00a0 Conditie:\u00a0 Prijs:\u00a0 Klik op de foto voor meer Bezoek Marktplaats [\/vc_column_text][\/vc_column][vc_column width=&#8221;1\/3&#8243;][vc_single_image img_size=&#8221;370&#215;370&#8243; alignment=&#8221;center&#8221; onclick=&#8221;custom_link&#8221; css=&#8221;.vc_custom_1663856038257{margin-top: 22px !important;}&#8221; link=&#8221;https:\/\/www.topsupportdakwerken.nl\/artikelen\/Topsupportdakwerken-ballon-vorstpannen.pdf&#8221;][vc_column_text] Titel:\u00a0 Omschrijving:\u00a0 Afmetingen:\u00a0 Conditie:\u00a0 Prijs:\u00a0 Klik op de foto voor meer [\/vc_column_text][\/vc_column][vc_column width=&#8221;1\/3&#8243;][vc_single_image img_size=&#8221;370&#215;370&#8243; alignment=&#8221;center&#8221; onclick=&#8221;custom_link&#8221; css=&#8221;.vc_custom_1667050807073{margin-top: 22px !important;padding-right: 0px !important;padding-left: 0px !important;}&#8221; [&hellip;]<\/p>\n","protected":false},"author":1,"featured_media":0,"parent":0,"menu_order":0,"comment_status":"closed","ping_status":"closed","template":"","meta":{"_mi_skip_tracking":false},"_links":{"self":[{"href":"https:\/\/topsupportdakwerken.nl\/index.php\/wp-json\/wp\/v2\/pages\/1508"}],"collection":[{"href":"https:\/\/topsupportdakwerken.nl\/index.php\/wp-json\/wp\/v2\/pages"}],"about":[{"href":"https:\/\/topsupportdakwerken.nl\/index.php\/wp-json\/wp\/v2\/types\/page"}],"author":[{"embeddable":true,"href":"https:\/\/topsupportdakwerken.nl\/index.php\/wp-json\/wp\/v2\/users\/1"}],"replies":[{"embeddable":true,"href":"https:\/\/topsupportdakwerken.nl\/index.php\/wp-json\/wp\/v2\/comments?post=1508"}],"version-history":[{"count":91,"href":"https:\/\/topsupportdakwerken.nl\/index.php\/wp-json\/wp\/v2\/pages\/1508\/revisions"}],"predecessor-version":[{"id":1668,"href":"https:\/\/topsupportdakwerken.nl\/index.php\/wp-json\/wp\/v2\/pages\/1508\/revisions\/1668"}],"wp:attachment":[{"href":"https:\/\/topsupportdakwerken.nl\/index.php\/wp-json\/wp\/v2\/media?parent=1508"}],"curies":[{"name":"wp","href":"https:\/\/api.w.org\/{rel}","templated":true}]}}